when 130842 is divided by 499?
104
Calculate the remainder when 603819 is divided by 1410.
339
What is the remainder when 430099 is divided by 28623?
754
Calculate the remainder when 95851 is divided by 27231.
14158
Calculate the remainder when 9720475 is divided by 16.
11
Calculate the remainder when 12057 is divided by 5115.
1827
What is the remainder when 3682777 is divided by 118?
115
Calculate the remainder when 13074118 is divided by 1579.
1577
Calculate the remainder when 267552636 is divided by 6.
0
Calculate the remainder when 248555111 is divided by 15534694.
7
Calculate the remainder when 4267772 is divided by 16.
12
What is the remainder when 10668110 is divided by 820623?
11
What is the remainder when 2471373 is divided by 195?
138
What is the remainder when 16199 is divided by 136?
15
Calculate the remainder when 2492094 is divided by 65576.
206
Calculate the remainder when 12220 is divided by 6665.
5555
What is the remainder when 1387236 is divided by 40?
36
Calculate the remainder when 338606 is divided by 773.
32
Calculate the remainder when 75337678 is divided by 880.
878
What is the remainder when 14994 is divided by 4390?
1824
What is the remainder when 190595 is divided by 14603?
756
Calculate the remainder when 4839280 is divided by 4.
0
What is the remainder when 49634924 is divided by 19549?
13
Calculate the remainder when 54558 is divided by 2267.
150
Calculate the remainder when 41111 is divided by 61.
58
What is the remainder when 5012295 is divided by 835379?
21
What is the remainder when 35785892 is divided by 631?
620
What is the remainder when 3034091 is divided by 1002?
35
Calculate the remainder when 393893 is divided by 98446.
109
What is the remainder when 2102846 is divided by 119?
116
What is the remainder when 310890 is divided by 51711?
624
Calculate the remainder when 75560 is divided by 2908.
2860
What is the remainder when 721858 is divided by 10303?
648
What is the remainder when 712549 is divided by 2344?
2317
What is the remainder when 518380 is divided by 211?
164
Calculate the remainder when 361976 is divided by 120632.
80
What is the remainder when 33606064 is divided by 7819?
2
What is the remainder when 5123660 is divided by 69?
65
What is the remainder when 503530 is divided by 71932?
6
Calculate the remainder when 8976736 is divided by 95.
91
What is the remainder when 4271145 is divided by 228?
21
Calculate the remainder when 3067065 is divided by 29.
25
What is the remainder when 870090 is divided by 869153?
937
What is the remainder when 47848277 is divided by 58?
17
What is the remainder when 57572272 is divided by 19190752?
16
Calculate the remainder when 57990694 is divided by 920487.
13
Calculate the remainder when 1494606 is divided by 703.
28
What is the remainder when 13239373 is divided by 3721?
55
What is the remainder when 6281 is divided by 660?
341
What is the remainder when 94073506 is divided by 94?
92
Calculate the remainder when 30762 is divided by 30666.
96
Calculate the remainder when 45784 is divided by 4102.
662
What is the remainder when 123761658 is divided by 74?
62
Calculate the remainder when 14925656 is divided by 133.
130
Calculate the remainder when 45866 is divided by 122.
116
Calculate the remainder when 6542706 is divided by 91.
79
Calculate the remainder when 1366669 is divided by 1899.
1288
What is the remainder when 663199668 is divided by 7?
5
What is the remainder when 129212303 is divided by 106?
105
What is the remainder when 20711026 is divided by 672?
658
What is the remainder when 823491 is divided by 317?
242
Calculate the remainder when 824492 is divided by 35.
32
What is the remainder when 571759 is divided by 471?
436
Calculate the remainder when 1497898 is divided by 83.
80
Calculate the remainder when 453756 is divided by 123.
9
Calculate the remainder when 13027106 is divided by 2.
0
What is the remainder when 11403556 is divided by 55357?
14
Calculate the remainder when 123159390 is divided by 7.
4
Calculate the remainder when 135356362 is divided by 13.
11
Calculate the remainder when 620857 is divided by 12933.
73
What is the remainder when 37593854 is divided by 2489?
2487
Calculate the remainder when 15662631 is divided by 458.
405
What is the remainder when 7258225 is divided by 383?
375
Calculate the remainder when 11922529 is divided by 78.
73
Calculate the remainder when 77141 is divided by 327.
296
What is the remainder when 6040560 is divided by 358?
26
Calculate the remainder when 24124882 is divided by 133.
12
What is the remainder when 186693964 is divided by 21856?
12
What is the remainder when 17023307 is divided by 607?
599
Calculate the remainder when 555120 is divided by 138707.
292
What is the remainder when 170213 is divided by 2006?
1709
What is the remainder when 184646 is divided by 4355?
1736
What is the remainder when 9616963 is divided by 81?
76
Calculate the remainder when 762611 is divided by 92.
23
What is the remainder when 1371307 is divided by 801?
796
What is the remainder when 277321 is divided by 11267?
6913
What is the remainder when 2481591 is divided by 102?
33
Calculate the remainder when 61174944 is divided by 280.
264
Calculate the remainder when 3715497 is divided by 14.
9
What is the remainder when 1483221 is divided by 58?
45
What is the remainder when 316339 is divided by 23?
20
What is the remainder when 70884504 is divided by 8?
0
What is the remainder when 30612107 is divided by 193?
184
Calculate the remainder when 730201 is divided by 12170.
1
Calculate the remainder when 184110 is divided by 1497.
1476
What is the remainder when 409602 is divided by 586?
574
Calculate the remainder when 17974725 is divided by 57.
3
What is the remainder when 6153669 is divided by 125585?
4
Calculate the remainder when 20930677 is divided by 102601.
73
Calculate the remainder when 222282 is divided by 80.
42
Calculate the remainder when 16458483 is divided by 1266037.
2
Calculate the remainder when 19659 is divided by 173.
110
Calculate the remainder when 149489 is divided by 21327.
200
Calculate the remainder when 234155 is divided by 18.
11
What is the remainder when 128398 is divided by 1223?
1206
What is the remainder when 5870205 is divided by 99495?
0
Calculate the remainder when 20356846 is divided by 102.
94
What is the remainder when 908302 is divided by 129755?
17
What is the remainder when 5455071 is divided by 2727501?
69
What is the remainder when 707981 is divided by 1698?
1613
What is the remainder when 8209 is divided by 1366?
13
What is the remainder when 907492 is divided by 1104?
4
What is the remainder when 5396277 is divided by 48614?
123
What is the remainder when 97141 is divided by 13821?
394
Calculate the remainder when 53666492 is divided by 1341662.
12
What is the remainder when 52253074 is divided by 18?
10
Calculate the remainder when 97926 is divided by 3436.
1718
Calculate the remainder when 340644 is divided by 684.
12
What is the remainder when 189026987 is divided by 142?
137
What is the remainder when 56867242 is divided by 96?
10
Calculate the remainder when 14215994 is divided by 132.
122
Calculate the remainder when 939946532 is divided by 267.
266
What is the remainder when 40818976 is divided by 162?
160
Calculate the remainder when 14158170 is divided by 786564.
18
Calculate the remainder when 67710 is divided by 22302.
804
What is the remainder when 278527 is divided by 69316?
1263
Calculate the remainder when 89091728 is divided by 91.
89
What is the remainder when 3277599 is divided by 1092386?
441
What is the remainder when 3785055 is divided by 3785036?
19
Calculate the remainder when 29256 is divided by 9703.
147
Calculate the remainder when 93703 is divided by 126.
85
What is the remainder when 6133753 is divided by 766718?
9
What is the remainder when 12073705 is divided by 301841?
65
What is the remainder when 4618 is divided by 4252?
366
Calculate the remainder when 16900543 is divided by 231514.
21
What is the remainder when 6627044 is divided by 152?
148
What is the remainder when 11604747 is divided by 50?
47
What is the remainder when 286332 is divided by 723?
24
What is the remainder when 851729 is divided by 815?
54
Calculate the remainder when 685